3*r + 1. Let b be h(l). Let v(p) = -p**3 + 8*p**2 - 3*p - 10. What is the units digit of v(b)?
8
Let a = 20410 + -4936. What is the tens digit of a?
7
Suppose -2*y - 73 = -69. Let w be 7/(y + (3 - 0)). Let k = w + 90. What is the tens digit of k?
9
Let c(d) be the second derivative of 5*d**5/12 - d**4/12 - d**3/3 - 16*d**2 - 5*d. Let m(n) be the first derivative of c(n). What is the units digit of m(3)?
7
Let h = 334 - 187. Let d = 378 - 149. Let u = d - h. What is the units digit of u?
2
Let o(t) = -t + 22. Let v be o(18). Suppose 887 = 3*q + 5*k, -v*q - k - k = -1192. What is the hundreds digit of q?
2
Let s(k) = 35*k + 60. Let m be s(-1). Suppose 0 = m*h - 9981 - 13319. What is the units digit of h?
2
Suppose -3*j - 1304 = 643. Let u = j - -1058. What is the tens digit of u?
0
Let s(g) = -g**3 + 4*g**2 - 6*g + 7. Let q be s(3). What is the units digit of q*1 + 2980/10?
6
Let p(g) = -g**3 - 11*g**2 - 16*g + 20. Let s be p(-10). Let x = 2 + 1. Suppose 3*j = -3*f + 504, 2*f + x*j - 417 = -s. What is the hundreds digit of f?
1
What is the thousands digit of 5/((-19839)/9921 - -2)?
6
Let a(t) = 22*t**2 - 8*t + 1. Let g be a(1). Suppose -g*c = -10*c - 3565. What is the hundreds digit of c?
7
Let k(o) = 99*o**2 - 502*o + 18. What is the units digit of k(11)?
5
Let z be 980/(-56)*(-2828)/10. Suppose -z - 603 = -4*v. What is the units digit of v?
8
Let t be (-49 - 2 - -1)*30/(-3). Let h = 1006 - t. What is the units digit of h?
6
Let z(t) = 1803*t + 7680. What is the thousands digit of z(19)?
1
Suppose 40 = u - 3*c, -2*c = 2*u - 3*u + 36. Suppose -3*d + y - u = d, -d + 4*y + 8 = 0. What is the tens digit of ((-14)/5)/(d/40)?
1
Let w(z) = z**3 + z - 1. Let o(a) = 3*a**3 - 17*a**2 + 30*a + 15. Let t(m) = o(m) - 2*w(m). Let l be t(15). Let c = 8 - l. What is the tens digit of c?
2
Suppose 4*o + 885 = 61. Let c = 114 + o. Let v = c - -208. What is the tens digit of v?
1
Let w(r) = 110*r + 1. Suppose -3*d + 2*c = -d - 16, -c + 40 = 3*d. Let s be d/(-9)*(-6)/8. What is the hundreds digit of w(s)?
1
Suppose -24 + 14 = -5*i. What is the tens digit of (-3)/((-170)/82 + i)?
4
Let h = -17 + 51. Suppose -t = 2*n - 3*t + h, 4*t + 72 = -3*n. What is the hundreds digit of n/6*(-444)/10?
1
Let p(o) = 727*o - 2. Let y = -305 + 306. What is the tens digit of p(y)?
2
Suppose -10*b - f - 272 = -12*b, 2*f + 4 = 0. Let m = b + 90. What is the hundreds digit of m?
2
Suppose -31*q - 282*q + 4095900 = -43*q. What is the units digit of q?
0
Suppose -210680 = -14*h + 15492 + 33570. What is the hundreds digit of h?
5
Suppose 3*r = -4*j + 18, r - 7*j + 2*j = -13. Suppose 1082 = 2*v - 4*h, -r*v + 13*h - 10*h + 1086 = 0. What is the units digit of v?
9
Let x be (27123/2)/((26/(-4))/(-13)). Suppose x = 45*w - 6672. What is the hundreds digit of w?
7
Suppose -5*q - 3*l = -93 - 86, -q + 3*l = -25. Let j(y) = -3 + 11 + 6 - q*y + 11. What is the units digit of j(-6)?
9
Suppose 20 = 5*y, 0 = 5*r - r - 5*y + 20. Let h be 6/3 - (r/3)/2. Suppose 2 + 2 = h*k, 4*k + 277 = 5*m. What is the units digit of m?
7
Let v = -86267 + 132003. What is the thousands digit of v?
5
Let o(i) = -2*i - 21. Let b be o(0). Let v = -182 + 184. What is the tens digit of b/v*72/(-42)?
1
What is the tens digit of 2 + (-245217)/(-9) + (-56)/42?
4
Let g(j) = -1588*j - 2110. What is the hundreds digit of g(-9)?
1
Let p be ((-48)/5)/(6*(-11)/162690). Suppose 27*v - p = 11*v. What is the units digit of v?
9
Let v = -11799 + 20656. What is the thousands digit of v?
8
Suppose 25 = 5*l + o, -3*l = -2*o + 6*o + 2. Let i be (l - 4)*((-213)/(-3))/(-1). Let c = i - -275. What is the tens digit of c?
3
Let r(m) = -11*m**2 - 5*m - 3. Let d be r(-3). Let b = d - -89. Suppose 2*i - 4*a = 284, i + 4*a = -b*i + 416. What is the hundreds digit of i?
1
Suppose -12111 = -f - 5*p, 27*p = 25*p - 12. What is the units digit of f?
1
Suppose 0 = 5*b - 4 - 26. Suppose -112 = -b*s + 50. What is the tens digit of s?
2
Suppose -315 = -4*c - 5*y, -3*c + 4*y = -158 - 55. Suppose -3*n + 4*z + c = 0, -n + 25 = z + z. What is the units digit of 6/((-30)/n) - -110?
5
Let s = -59 - -74. Let w = 19 - s. Suppose w*b - 139 = -v, 253 = v + v + 3*b. What is the units digit of v?
9
Suppose 30*c + 98206 = 293566. What is the units digit of c?
2
What is the units digit of (102/9)/(42/30303) - -7?
4
Let p be (-2)/(-14)*(-3 + 10)*705. Let d = -413 + p. What is the tens digit of d?
9
Let i(d) be the first derivative of 2*d**2 + 25*d + 12. Let j be i(-6). What is the tens digit of (j*8)/(6/21)?
2
Suppose 211*t + 9556 = 198*t + 135474. What is the thousands digit of t?
9
Let n be (-20)/3*48/(-32). Let x be (4/n)/((-2)/(-50)). Suppose x*k = k + 765. What is the units digit of k?
5
Let m = -94 + 97. Let z(k) = 128*k**2 + 15*k - 43. What is the tens digit of z(m)?
5
Suppose 0 = -15*f - 56469 + 179619. What is the units digit of f?
0
What is the thousands digit of 18/8*(-82464)/(-36)?
5
Let c = 45 - 42. Suppose c*v - 644 = -0*u - 2*u, -2*v = 8. Suppose 0 = -5*s + u - 13. What is the units digit of s?
3
Let y(a) = -a**3 + 15*a**2 + 16*a - 5. Let n be y(16). Let f be -14*n/(-15)*-3. Suppose -f*i = -16*i + 288. What is the tens digit of i?
4
Let j = -1576 + -338. Let z = j - -2692. Suppose z = 4*u + 114. What is the units digit of u?
6
Let l be (-4)/10 - (-4872)/5. Suppose 2*x = -5*i + 13255 + 2401, 4*i + x - 12526 = 0. Suppose l = -13*r + i. What is the hundreds digit of r?
1
Suppose 67564 = 11*h + 10*h + 2191. What is the thousands digit of h?
3
Suppose -4*u + 4*a - 5100 = 0, 4*u + a = 3*u - 1275. What is the hundreds digit of ((-14)/3)/(17/u)?
3
Let a(n) = -9*n + 24. Let u be a(3). Let f(v) = 7*v**2 + 3*v + 5. Let p be f(u). Let m = p + 1. What is the tens digit of m?
6
Suppose 24*p - 170446 = 32378. What is the units digit of p?
1
Let l be (-3 - -1)/((-6)/9). Suppose -3275 = -l*h + 379. What is the units digit of (-2)/(-10)*1 - h/(-35)?
5
Let h(b) = 3901*b + 1974. What is the tens digit of h(7)?
8
Let f(d) = -d - 9. Let o be f(-22). Suppose -4*t + p = 22, 4*p + 9 = 2*t + o. What is the tens digit of (-280)/t*((-69)/(-12) - 2)?
7
Suppose 0 + 2 = i. Let y be 174/i*(-4)/(-6). Suppose t - 29 = 3*d, -2*d - 2*d = 2*t - y. What is the units digit of t?
9
Suppose 702*v + 3864 = 678*v. Let f be 1/1 + -228 + 0. Let o = v - f. What is the units digit of o?
6
Let s(d) = 661*d**3 - 57*d**2 + 21*d - 62. What is the thousands digit of s(5)?
1
Let y = -136 - -140. Suppose 5*l - w = 2052, y*l = -5*w + 2377 - 718. What is the units digit of l?
1
Let y = -18611 + 68189. What is the hundreds digit of y?
5
Suppose -11*b = -9*b + 44*b - 96278. What is the units digit of b?
3
Let p(z) be the second derivative of -2*z**3 + 27*z**2/2 - z - 10. What is the tens digit of p(-9)?
3
What is the tens digit of -64*(-9 + 19695/(-26))?
5
Suppose -3*v - 175 = -8*v. Suppose -2*b - q + 6 = -0*q, -5*q = -3*b + v. Suppose h + b = 81. What is the units digit of h?
6
Let d be -9 + (-1197)/(-135) - (-94)/30. Suppose 0 = -5*j - d*h + 2046, 3*j - 1228 = -0*h - 2*h. What is the units digit of (j/42)/((-1)/(-7))?
8
Suppose 3*n - 15 = 0, -30*v + 25*v + 2*n = 50605. What is the hundreds digit of v/(-27) + 3*10/135?
3
Suppose -113 = 2*u - 129. Suppose 2*z - 3*c = 613, 9*z - u*z = 2*c + 305. What is the units digit of z?
1
What is the tens digit of 3 - 6 - (-1 - 2 - 18435)?
3
Suppose 15*v - 278649 - 40686 = 0. What is the hundreds digit of v?
2
Let p(b) be the second derivative of b**6/60 + b**5/40 - b**4/6 + 11*b**3/6 + 11*b. Let q(c) be the second derivative of p(c). What is the units digit of q(4)?
4
Suppose 354 = 9*f - 366. What is the units digit of ((-391)/(-46))/(2/f)?
0
Suppose -5*w = -5*h - 24070, h + 17015 = 4*w - 2229. What is the units digit of w?
0
What is the units digit of ((-69)/2 - (-9)/(-6))/((-9)/6648)?
2
Let n = 226 - 224. Suppose n*v - 1919 = -3*p, -24*v + 26*v = 2*p - 1286. What is the tens digit of p?
4
Let w(d) = 5*d - 3. Let f be w(1). Suppose 0 = -5*x + f*x + 4*h + 13, -2*h = -x + 7. What is the tens digit of 530/8 - x/(-4)?
6
Suppose -373 = 4*c - 3*a, 0 = -c + 4*c + 5*a + 258. Let v = -73 - c. Suppose 0 = 2*s - v*s + 2048. What is the units digit of s?
8
Suppose 3*y = -u - 16, 5*y = -5*u + 10*u - 40. What is the units digit of (-5)/(-3) - 2138/y?
8
Suppose 26*d - 141414 = 13*d. What